 285838?
3
What is the hundred thousands digit of 475320?
4
What is the hundred thousands digit of 436692?
4
What is the tens digit of 702947?
4
What is the hundreds digit of 279004?
0
What is the hundred thousands digit of 3937412?
9
What is the tens digit of 182486?
8
What is the hundred thousands digit of 2627915?
6
What is the units digit of 483284?
4
What is the units digit of 2199655?
5
What is the units digit of 3071221?
1
What is the hundreds digit of 58034?
0
What is the millions digit of 1118604?
1
What is the tens digit of 2048024?
2
What is the hundreds digit of 1967655?
6
What is the hundred thousands digit of 448390?
4
What is the hundreds digit of 407390?
3
What is the units digit of 8579717?
7
What is the units digit of 632?
2
What is the tens digit of 10981846?
4
What is the units digit of 3303613?
3
What is the thousands digit of 3087393?
7
What is the hundreds digit of 122097?
0
What is the hundreds digit of 367202?
2
What is the thousands digit of 1480147?
0
What is the tens digit of 31508553?
5
What is the tens digit of 6400805?
0
What is the hundred thousands digit of 132231?
1
What is the units digit of 268159?
9
What is the units digit of 1257984?
4
What is the millions digit of 8000248?
8
What is the units digit of 13831063?
3
What is the hundred thousands digit of 180493?
1
What is the hundreds digit of 8009889?
8
What is the hundred thousands digit of 1512267?
5
What is the units digit of 499456?
6
What is the hundred thousands digit of 361958?
3
What is the tens digit of 813394?
9
What is the hundred thousands digit of 5144183?
1
What is the hundreds digit of 101048?
0
What is the thousands digit of 486913?
6
What is the tens digit of 33186?
8
What is the hundreds digit of 128876?
8
What is the ten thousands digit of 453722?
5
What is the millions digit of 2615416?
2
What is the hundreds digit of 5590534?
5
What is the thousands digit of 1933835?
3
What is the hundred thousands digit of 12867301?
8
What is the hundreds digit of 462001?
0
What is the millions digit of 5716686?
5
What is the hundreds digit of 84301?
3
What is the units digit of 537940?
0
What is the units digit of 1169392?
2
What is the ten thousands digit of 248155?
4
What is the thousands digit of 2323199?
3
What is the units digit of 182396?
6
What is the ten thousands digit of 2963002?
6
What is the units digit of 1838618?
8
What is the units digit of 579829?
9
What is the millions digit of 6564910?
6
What is the thousands digit of 14065?
4
What is the hundreds digit of 5222777?
7
What is the units digit of 82189?
9
What is the hundred thousands digit of 14492548?
4
What is the tens digit of 238214?
1
What is the tens digit of 6421091?
9
What is the hundred thousands digit of 860099?
8
What is the tens digit of 24832641?
4
What is the hundreds digit of 127991?
9
What is the millions digit of 3213004?
3
What is the units digit of 2365115?
5
What is the tens digit of 1754711?
1
What is the tens digit of 2714293?
9
What is the hundred thousands digit of 150721?
1
What is the units digit of 10469005?
5
What is the hundreds digit of 8264863?
8
What is the tens digit of 253073?
7
What is the hundred thousands digit of 897803?
8
What is the tens digit of 35133993?
9
What is the units digit of 360183?
3
What is the tens digit of 471991?
9
What is the units digit of 9571890?
0
What is the ten thousands digit of 4304776?
0
What is the ten thousands digit of 4460691?
6
What is the thousands digit of 136196?
6
What is the hundred thousands digit of 111303?
1
What is the hundreds digit of 2074505?
5
What is the thousands digit of 176937?
6
What is the ten thousands digit of 138216?
3
What is the thousands digit of 240922?
0
What is the units digit of 800078?
8
What is the hundred thousands digit of 919370?
9
What is the millions digit of 6165707?
6
What is the hundreds digit of 1835825?
8
What is the units digit of 17144?
4
What is the tens digit of 1822987?
8
What is the hundred thousands digit of 3945623?
9
What is the millions digit of 4215582?
4
What is the ten thousands digit of 723229?
2
What is the millions digit of 1414615?
1
What is the hundred thousands digit of 4551967?
5
What is the hundreds digit of 481061?
0
What is the hundred thousands digit of 118812?
1
What is the tens digit of 2109669?
6
What is the ten thousands digit of 3402510?
0
What is the ten thousands digit of 12135427?
3
What is the units digit of 138148?
8
What is the hundreds digit of 5779865?
8
What is the hundreds digit of 160362?
3
What is the thousands digit of 164448?
4
What is the tens digit of 423707?
0
What is the thousands digit of 338493?
8
What is the hundred thousands digit of 404725?
4
What is the ten thousands digit of 10647746?
4
What is the hundreds digit of 280506?
5
What is the ten thousands digit of 28046855?
4
What is the thousands digit of 139158?
9
What is the thousands digit of 401524?
1
What is the tens digit of 3242372?
7
What is the hundreds digit of 419264?
2
What is the hundred thousands digit of 17807325?
8
What is the ten millions digit of 17795832?
1
What is the units digit of 1415351?
1
What is the thousands digit of 8785?
8
What is the ten thousands digit of 360694?
6
What is the units digit of 1036658?
8
What is the tens digit of 35415?
1
What is the millions digit of 6968549?
6
What is the thousands digit of 2422287?
2
What is the tens digit of 9402561?
6
What is the thousands digit of 6932?
6
What is the hundred thousands digit of 39559830?
5
What is the ten thousands digit of 195853?
9
What is the ten thousands digit of 1130202?
3
What is the hundreds digit of 18388691?
6
What is the thousands digit of 2622874?
2
What is the millions digit of 3705862?
3
What is the thousands digit of 600412?
0
What is the thousands digit of 5857728?
7
What is the tens digit of 6329747?
4
What is the tens digit of 4424125?
2
What is the hundred thousands digit of 313344?
3
What is the hundred thousands digit of 133208?
1
What is the hundreds digit of 5639644?
6
What is the millions digit of 30804482?
0
What is the thousands digit of 189686?
9
What is the hundreds digit of 2774395?
3
What is the hundreds digit of 12562919?
9
What is the hundreds digit of 326075?
0
What is the units digit of 92420?
0
What is the ten thousands digit of 675783?
7
What is the millions digit of 2788581?
2
What is the thousands digit of 1758804?
8
What is the thousands digit of 8051715?
1
What is the ten thousands digit of 368406?
6
What is the units digit of 186475?
5
What is the units digit of 200689?
9
What is the units digit of 2823097?
7
What is the thousands digit of 328629?
8
What is the ten thousands digit of 149251?
4
What is the tens digit of 1334264?
6
What is the tens digit of 8826466?
6
What is the thousands digit of 25238073?
8
What is the ten thousands digit of 778378?
7
What is the millions digit of 1651687?
1
What is the thousands digit of 109506?
9
What is the hundred thousands digit of 3089940?
0
What is the hundred thousands digit of 345091?
3
What is the units digit of 7244414?
4
What is the ten millions digit of 19062669?
1
What is the thousands digit of 143876?
3
What is the ten thousands digit of 4643901?
4
What is the units digit of 78867?
7
What is the hundreds digit of 36874355?
3
What is the tens digit of 258555?
5
What is the ten thousands digit of 209959?
0
What is the tens digit of 107480?
8
What is the tens digit of 4670152?
5
What is the ten thousands digit of 532137?
3
What is the hundred thousands digit of 23067478?
0
What is the units digit of 5339914?
4
What is the hundreds digit of 1734108?
1
What is the ten thousands digit of 426263?
2
What is the units digit of 231911?
1
What is the hundreds digit of 179184?
1
What is the hundred thousands digit of 2441553?
4
What is the ten thousands digit of 10613956?
1
What is the millions digit of 6201563?
6
What is the tens digit of 112567?
6
What is the thousands digit of 347988?
7
What is the tens digit of 112811?
1
What is the thousands digit of 105062?
5
What is the units digit of 148008?
8
What is the hundreds digit of 1710908?
9
What is the ten thousands digit of 23737760?
3
What is the thousands digit of 21061394?
1
What is the units digit of 1200810?
0
What is the tens digit of 1764242?
4
What is